{"id":1155,"date":"2025-04-09T00:06:32","date_gmt":"2025-04-09T06:06:32","guid":{"rendered":"https:\/\/clinicasdeozono.com\/?page_id=1155"},"modified":"2025-04-09T00:14:57","modified_gmt":"2025-04-09T06:14:57","slug":"dermapen","status":"publish","type":"page","link":"https:\/\/clinicasdeozono.com\/?page_id=1155","title":{"rendered":"Dermapen"},"content":{"rendered":"\t\t<div data-elementor-type=\"wp-page\" data-elementor-id=\"1155\" class=\"elementor elementor-1155\">\n\t\t\t\t\t\t<section class=\"elementor-section elementor-top-section elementor-element elementor-element-f471c94 elementor-section-boxed elementor-section-height-default elementor-section-height-default\" data-id=\"f471c94\" data-element_type=\"section\" data-e-type=\"section\">\n\t\t\t\t\t\t<div class=\"elementor-container elementor-column-gap-default\">\n\t\t\t\t\t<div class=\"elementor-column elementor-col-66 elementor-top-column elementor-element elementor-element-559d92d\" data-id=\"559d92d\" data-element_type=\"column\" data-e-type=\"column\">\n\t\t\t<div class=\"elementor-widget-wrap elementor-element-populated\">\n\t\t\t\t\t\t<div class=\"elementor-element elementor-element-51938e7 elementor-widget elementor-widget-video\" data-id=\"51938e7\" data-element_type=\"widget\" data-e-type=\"widget\" data-settings=\"{&quot;video_type&quot;:&quot;hosted&quot;,&quot;controls&quot;:&quot;yes&quot;}\" data-widget_type=\"video.default\">\n\t\t\t\t<div class=\"elementor-widget-container\">\n\t\t\t\t\t\t\t<div class=\"e-hosted-video elementor-wrapper elementor-open-inline\">\n\t\t\t\t\t<video class=\"elementor-video\" src=\"https:\/\/clinicasdeozono.com\/wp-content\/uploads\/2025\/04\/Untitled-design.mp4\" controls=\"\" preload=\"metadata\" controlsList=\"nodownload\"><\/video>\n\t\t\t\t<\/div>\n\t\t\t\t\t\t<\/div>\n\t\t\t\t<\/div>\n\t\t\t\t\t<\/div>\n\t\t<\/div>\n\t\t\t\t<div class=\"elementor-column elementor-col-33 elementor-top-column elementor-element elementor-element-33d9ca7\" data-id=\"33d9ca7\" data-element_type=\"column\" data-e-type=\"column\">\n\t\t\t<div class=\"elementor-widget-wrap elementor-element-populated\">\n\t\t\t\t\t\t<div class=\"elementor-element elementor-element-79d0cef elementor-widget elementor-widget-heading\" data-id=\"79d0cef\" data-element_type=\"widget\" data-e-type=\"widget\" data-widget_type=\"heading.default\">\n\t\t\t\t<div class=\"elementor-widget-container\">\n\t\t\t\t\t<h2 class=\"elementor-heading-title elementor-size-default\">Dermapen<\/h2>\t\t\t\t<\/div>\n\t\t\t\t<\/div>\n\t\t\t\t<section class=\"elementor-section elementor-inner-section elementor-element elementor-element-2f3fb1e elementor-section-boxed elementor-section-height-default elementor-section-height-default\" data-id=\"2f3fb1e\" data-element_type=\"section\" data-e-type=\"section\">\n\t\t\t\t\t\t<div class=\"elementor-container elementor-column-gap-default\">\n\t\t\t\t\t<div class=\"elementor-column elementor-col-100 elementor-inner-column elementor-element elementor-element-93595ee\" data-id=\"93595ee\" data-element_type=\"column\" data-e-type=\"column\">\n\t\t\t<div class=\"elementor-widget-wrap elementor-element-populated\">\n\t\t\t\t\t\t<div class=\"elementor-element elementor-element-88de8b0 elementor-widget elementor-widget-text-editor\" data-id=\"88de8b0\" data-element_type=\"widget\" data-e-type=\"widget\" data-widget_type=\"text-editor.default\">\n\t\t\t\t<div class=\"elementor-widget-container\">\n\t\t\t\t\t\t\t\t\t<h1><strong>Es untratamiento est\u00e9tico que utiliza microagujas para mejorar la textura y apariencia de la piel.Tambi\u00e9n se le conoce como microneedling.<span jscontroller=\"JHnpme\" class=\"pjBG2e\" data-cid=\"4788e02f-f66b-4bbd-baba-3ea4b6a9fee0\" jsaction=\"rcuQ6b:npT2md\"><span class=\"UV3uM\">\u00a0<\/span><\/span><\/strong><\/h1>\t\t\t\t\t\t\t\t<\/div>\n\t\t\t\t<\/div>\n\t\t\t\t\t<\/div>\n\t\t<\/div>\n\t\t\t\t\t<\/div>\n\t\t<\/section>\n\t\t\t\t\t<\/div>\n\t\t<\/div>\n\t\t\t\t\t<\/div>\n\t\t<\/section>\n\t\t\t\t<section class=\"elementor-section elementor-top-section elementor-element elementor-element-43bc8a3 elementor-section-boxed elementor-section-height-default elementor-section-height-default\" data-id=\"43bc8a3\" data-element_type=\"section\" data-e-type=\"section\">\n\t\t\t\t\t\t<div class=\"elementor-container elementor-column-gap-default\">\n\t\t\t\t\t<div class=\"elementor-column elementor-col-100 elementor-top-column elementor-element elementor-element-af4a2de\" data-id=\"af4a2de\" data-element_type=\"column\" data-e-type=\"column\">\n\t\t\t<div class=\"elementor-widget-wrap elementor-element-populated\">\n\t\t\t\t\t\t<div class=\"elementor-element elementor-element-1f6107f elementor-widget elementor-widget-heading\" data-id=\"1f6107f\" data-element_type=\"widget\" data-e-type=\"widget\" data-widget_type=\"heading.default\">\n\t\t\t\t<div class=\"elementor-widget-container\">\n\t\t\t\t\t<h2 class=\"elementor-heading-title elementor-size-default\">Beneficios:<\/h2>\t\t\t\t<\/div>\n\t\t\t\t<\/div>\n\t\t\t\t<div class=\"elementor-element elementor-element-cf4da74 elementor-widget elementor-widget-text-editor\" data-id=\"cf4da74\" data-element_type=\"widget\" data-e-type=\"widget\" data-widget_type=\"text-editor.default\">\n\t\t\t\t<div class=\"elementor-widget-container\">\n\t\t\t\t\t\t\t\t\t<div class=\"zMgcWd dSKvsb\" data-il=\"\"><div data-crb-p=\"\"><div class=\"xFTqob\"><ul><li><span data-huuid=\"8556711205849466705\"><strong>Reducci\u00f3n de arrugas y l\u00edneas finas.<\/strong><\/span><\/li><\/ul><\/div><\/div><\/div><div class=\"bsmXxe\" id=\"BQ32Z-SfG4ndwN4P-t7W8QI__38\"><ul><li class=\"K3KsMc\"><div class=\"zMgcWd dSKvsb\" data-il=\"\"><div data-crb-p=\"\"><div class=\"xFTqob\"><div class=\"Gur8Ad\"><span data-huuid=\"8556711205849468562\"><strong>Mejora de cicatrices y marcas de acn\u00e9.<\/strong><\/span><\/div><div class=\"vM0jzc\"><\/div><\/div><\/div><\/div><\/li><\/ul><\/div><div class=\"bsmXxe\" id=\"BQ32Z-SfG4ndwN4P-t7W8QI__41\"><ul><li class=\"K3KsMc\"><div class=\"zMgcWd dSKvsb\" data-il=\"\"><div data-crb-p=\"\"><div class=\"xFTqob\"><div class=\"Gur8Ad\"><span data-huuid=\"8556711205849466323\"><strong>Reducci\u00f3n de manchas y hiperpigmentaci\u00f3n.<\/strong><\/span><\/div><\/div><\/div><\/div><\/li><\/ul><\/div><div class=\"bsmXxe\" id=\"BQ32Z-SfG4ndwN4P-t7W8QI__44\"><ul><li class=\"K3KsMc\"><div class=\"zMgcWd dSKvsb\" data-il=\"\"><div data-crb-p=\"\"><div class=\"xFTqob\"><div class=\"Gur8Ad\"><span data-huuid=\"8556711205849468180\"><strong>Mejora de la textura y luminosidad de la piel.<\/strong><\/span><\/div><div class=\"vM0jzc\"><\/div><\/div><\/div><\/div><\/li><\/ul><\/div><div class=\"bsmXxe\" id=\"BQ32Z-SfG4ndwN4P-t7W8QI__47\"><ul><li class=\"K3KsMc\"><div class=\"zMgcWd dSKvsb\" data-il=\"\"><div data-crb-p=\"\"><div class=\"xFTqob\"><div class=\"Gur8Ad\"><span data-huuid=\"8556711205849465941\"><strong>Estimulaci\u00f3n de col\u00e1geno y elastina.<\/strong><\/span><\/div><div class=\"vM0jzc\"><\/div><\/div><\/div><\/div><\/li><\/ul><\/div><div class=\"bsmXxe\" id=\"BQ32Z-SfG4ndwN4P-t7W8QI__50\"><ul><li class=\"K3KsMc\"><div class=\"zMgcWd dSKvsb\" data-il=\"\"><div data-crb-p=\"\"><div class=\"xFTqob\"><div class=\"Gur8Ad\"><span data-huuid=\"8556711205849467798\"><strong>Minimizaci\u00f3n de poros dilatados.<\/strong><\/span><\/div><div class=\"vM0jzc\"><\/div><\/div><\/div><\/div><\/li><\/ul><\/div><div class=\"bsmXxe\" id=\"BQ32Z-SfG4ndwN4P-t7W8QI__53\"><ul><li class=\"K3KsMc\"><div class=\"zMgcWd dSKvsb\" data-il=\"\"><div data-crb-p=\"\"><div class=\"xFTqob\"><div class=\"Gur8Ad\"><span data-huuid=\"8556711205849465559\"><strong>Mejora de la absorci\u00f3n de productos.<\/strong><\/span><\/div><\/div><\/div><\/div><\/li><\/ul><\/div><div class=\"bsmXxe\" id=\"BQ32Z-SfG4ndwN4P-t7W8QI__56\"><ul><li class=\"K3KsMc\"><div class=\"zMgcWd dSKvsb\" data-il=\"\"><div data-crb-p=\"\"><div class=\"xFTqob\"><div class=\"Gur8Ad\"><span data-huuid=\"8556711205849467416\"><strong>Tratamiento de estr\u00edas.<\/strong><\/span><\/div><div class=\"vM0jzc\"><\/div><\/div><\/div><\/div><\/li><\/ul><\/div><div class=\"bsmXxe\" id=\"BQ32Z-SfG4ndwN4P-t7W8QI__59\"><ul><li class=\"K3KsMc\"><div class=\"zMgcWd dSKvsb\" data-il=\"\"><div data-crb-p=\"\"><div class=\"xFTqob\"><div class=\"Gur8Ad\"><span data-huuid=\"8556711205849465177\"><strong>Tratamiento de ros\u00e1cea y vit\u00edligo.<\/strong><\/span><\/div><div class=\"vM0jzc\"><\/div><\/div><\/div><\/div><\/li><\/ul><\/div>\t\t\t\t\t\t\t\t<\/div>\n\t\t\t\t<\/div>\n\t\t\t\t\t<\/div>\n\t\t<\/div>\n\t\t\t\t\t<\/div>\n\t\t<\/section>\n\t\t\t\t<section class=\"elementor-section elementor-top-section elementor-element elementor-element-04a3b51 elementor-section-boxed elementor-section-height-default elementor-section-height-default\" data-id=\"04a3b51\" data-element_type=\"section\" data-e-type=\"section\">\n\t\t\t\t\t\t<div class=\"elementor-container elementor-column-gap-default\">\n\t\t\t\t\t<div class=\"elementor-column elementor-col-100 elementor-top-column elementor-element elementor-element-fe922dc\" data-id=\"fe922dc\" data-element_type=\"column\" data-e-type=\"column\">\n\t\t\t<div class=\"elementor-widget-wrap elementor-element-populated\">\n\t\t\t\t\t\t<div class=\"elementor-element elementor-element-5b12ec7 elementor-align-center elementor-widget elementor-widget-button\" data-id=\"5b12ec7\" data-element_type=\"widget\" data-e-type=\"widget\" data-widget_type=\"button.default\">\n\t\t\t\t<div class=\"elementor-widget-container\">\n\t\t\t\t\t\t\t\t\t<div class=\"elementor-button-wrapper\">\n\t\t\t\t\t<a class=\"elementor-button elementor-button-link elementor-size-sm\" href=\"https:\/\/wa.me\/525525634362?text=Deseo%20m\u00e1s%20informaci\u00f3n%20sobre%20dermapen\">\n\t\t\t\t\t\t<span class=\"elementor-button-content-wrapper\">\n\t\t\t\t\t\t\t\t\t<span class=\"elementor-button-text\">Haz tu cita ahora<\/span>\n\t\t\t\t\t<\/span>\n\t\t\t\t\t<\/a>\n\t\t\t\t<\/div>\n\t\t\t\t\t\t\t\t<\/div>\n\t\t\t\t<\/div>\n\t\t\t\t\t<\/div>\n\t\t<\/div>\n\t\t\t\t\t<\/div>\n\t\t<\/section>\n\t\t\t\t<\/div>\n\t\t","protected":false},"excerpt":{"rendered":"<p>https:\/\/clinicasdeozono.com\/wp-content\/uploads\/2025\/04\/Untitled-design.mp4 Dermapen Es untratamiento est\u00e9tico que utiliza microagujas para mejorar la textura y apariencia de la piel.Tambi\u00e9n se le conoce como microneedling.\u00a0 Beneficios: Reducci\u00f3n de arrugas y l\u00edneas finas. Mejora de cicatrices y marcas de acn\u00e9. Reducci\u00f3n de manchas y hiperpigmentaci\u00f3n. Mejora de la textura y luminosidad de la piel. [&hellip;]<\/p>\n","protected":false},"author":1,"featured_media":0,"parent":0,"menu_order":0,"comment_status":"closed","ping_status":"closed","template":"page-templates\/template-pagebuilder-full-width.php","meta":{"om_disable_all_campaigns":false,"_monsterinsights_skip_tracking":false,"_monsterinsights_sitenote_active":false,"_monsterinsights_sitenote_note":"","_monsterinsights_sitenote_category":0,"footnotes":""},"class_list":["post-1155","page","type-page","status-publish","hentry"],"aioseo_notices":[],"_links":{"self":[{"href":"https:\/\/clinicasdeozono.com\/index.php?rest_route=\/wp\/v2\/pages\/1155","targetHints":{"allow":["GET"]}}],"collection":[{"href":"https:\/\/clinicasdeozono.com\/index.php?rest_route=\/wp\/v2\/pages"}],"about":[{"href":"https:\/\/clinicasdeozono.com\/index.php?rest_route=\/wp\/v2\/types\/page"}],"author":[{"embeddable":true,"href":"https:\/\/clinicasdeozono.com\/index.php?rest_route=\/wp\/v2\/users\/1"}],"replies":[{"embeddable":true,"href":"https:\/\/clinicasdeozono.com\/index.php?rest_route=%2Fwp%2Fv2%2Fcomments&post=1155"}],"version-history":[{"count":7,"href":"https:\/\/clinicasdeozono.com\/index.php?rest_route=\/wp\/v2\/pages\/1155\/revisions"}],"predecessor-version":[{"id":1165,"href":"https:\/\/clinicasdeozono.com\/index.php?rest_route=\/wp\/v2\/pages\/1155\/revisions\/1165"}],"wp:attachment":[{"href":"https:\/\/clinicasdeozono.com\/index.php?rest_route=%2Fwp%2Fv2%2Fmedia&parent=1155"}],"curies":[{"name":"wp","href":"https:\/\/api.w.org\/{rel}","templated":true}]}}