{"id":1239,"date":"2026-03-03T13:21:51","date_gmt":"2026-03-03T19:21:51","guid":{"rendered":"https:\/\/clinicasdeozono.com\/?page_id=1239"},"modified":"2026-03-03T13:40:45","modified_gmt":"2026-03-03T19:40:45","slug":"columna-hernia-discal","status":"publish","type":"page","link":"https:\/\/clinicasdeozono.com\/?page_id=1239","title":{"rendered":"Columna\/Hernia discal"},"content":{"rendered":"\t\t<div data-elementor-type=\"wp-page\" data-elementor-id=\"1239\" class=\"elementor elementor-1239\">\n\t\t\t\t\t\t<section class=\"elementor-section elementor-top-section elementor-element elementor-element-d018600 elementor-section-boxed elementor-section-height-default elementor-section-height-default\" data-id=\"d018600\" data-element_type=\"section\" data-e-type=\"section\">\n\t\t\t\t\t\t<div class=\"elementor-container elementor-column-gap-default\">\n\t\t\t\t\t<div class=\"elementor-column elementor-col-100 elementor-top-column elementor-element elementor-element-3779517\" data-id=\"3779517\" data-element_type=\"column\" data-e-type=\"column\">\n\t\t\t<div class=\"elementor-widget-wrap elementor-element-populated\">\n\t\t\t\t\t\t<div class=\"elementor-element elementor-element-28d69ac elementor-widget elementor-widget-heading\" data-id=\"28d69ac\" data-element_type=\"widget\" data-e-type=\"widget\" data-widget_type=\"heading.default\">\n\t\t\t\t<div class=\"elementor-widget-container\">\n\t\t\t\t\t<h2 class=\"elementor-heading-title elementor-size-default\">Columna\/hernia discal<\/h2>\t\t\t\t<\/div>\n\t\t\t\t<\/div>\n\t\t\t\t\t<\/div>\n\t\t<\/div>\n\t\t\t\t\t<\/div>\n\t\t<\/section>\n\t\t\t\t<section class=\"elementor-section elementor-top-section elementor-element elementor-element-26046c2 elementor-section-boxed elementor-section-height-default elementor-section-height-default\" data-id=\"26046c2\" data-element_type=\"section\" data-e-type=\"section\">\n\t\t\t\t\t\t<div class=\"elementor-container elementor-column-gap-default\">\n\t\t\t\t\t<div class=\"elementor-column elementor-col-100 elementor-top-column elementor-element elementor-element-e6de843\" data-id=\"e6de843\" data-element_type=\"column\" data-e-type=\"column\">\n\t\t\t<div class=\"elementor-widget-wrap elementor-element-populated\">\n\t\t\t\t\t\t<div class=\"elementor-element elementor-element-525dce8 elementor-widget elementor-widget-spacer\" data-id=\"525dce8\" data-element_type=\"widget\" data-e-type=\"widget\" data-widget_type=\"spacer.default\">\n\t\t\t\t<div class=\"elementor-widget-container\">\n\t\t\t\t\t\t\t<div class=\"elementor-spacer\">\n\t\t\t<div class=\"elementor-spacer-inner\"><\/div>\n\t\t<\/div>\n\t\t\t\t\t\t<\/div>\n\t\t\t\t<\/div>\n\t\t\t\t\t<\/div>\n\t\t<\/div>\n\t\t\t\t\t<\/div>\n\t\t<\/section>\n\t\t\t\t<section class=\"elementor-section elementor-top-section elementor-element elementor-element-7207d16 elementor-section-boxed elementor-section-height-default elementor-section-height-default\" data-id=\"7207d16\" data-element_type=\"section\" data-e-type=\"section\">\n\t\t\t\t\t\t<div class=\"elementor-container elementor-column-gap-default\">\n\t\t\t\t\t<div class=\"elementor-column elementor-col-50 elementor-top-column elementor-element elementor-element-dc53eb1\" data-id=\"dc53eb1\" data-element_type=\"column\" data-e-type=\"column\">\n\t\t\t<div class=\"elementor-widget-wrap elementor-element-populated\">\n\t\t\t\t\t\t<div class=\"elementor-element elementor-element-6b24872 elementor-widget elementor-widget-text-editor\" data-id=\"6b24872\" data-element_type=\"widget\" data-e-type=\"widget\" data-widget_type=\"text-editor.default\">\n\t\t\t\t<div class=\"elementor-widget-container\">\n\t\t\t\t\t\t\t\t\t<p>El tratamiento consiste en:<\/p><ol><li>Ozonoterapia en la espalda<\/li><li>ozonoterapia sist\u00e9mica\u00a0<\/li><li>rehabilitaci\u00f3n<\/li><li>consulta nutricional<\/li><li>masajes terap\u00e9uticos.<\/li><\/ol><p>El primer paso para nuestro tratamiento es acudir a una cita de valoraci\u00f3n.\u00a0 En dicha valoraci\u00f3n se realiza el DIAGN\u00d3STICO del paciente, si tienes estudios recientes (Resonancia Magn\u00e9tica) es importante llevarla. Una vez diagnosticado el padecimiento, el m\u00e9dico define el TIPO DE TRATAMIENTO que el paciente necesita, su duraci\u00f3n y costo.\u00a0 En promedio el tratamiento dura 5 semanas, Nuestras sesiones son de entrada por salida, Cabe destacar que nuestro tratamiento &#8211;No tiene efectos secundarios -El paciente puede seguir haciendo su vida normal \u2013<\/p><p><strong>90% de nuestros pacientes tienen una desaparici\u00f3n de dolor en la primera semana de tratamiento.<\/strong><\/p>\t\t\t\t\t\t\t\t<\/div>\n\t\t\t\t<\/div>\n\t\t\t\t\t<\/div>\n\t\t<\/div>\n\t\t\t\t<div class=\"elementor-column elementor-col-50 elementor-top-column elementor-element elementor-element-2fef185\" data-id=\"2fef185\" data-element_type=\"column\" data-e-type=\"column\">\n\t\t\t<div class=\"elementor-widget-wrap elementor-element-populated\">\n\t\t\t\t\t\t<div class=\"elementor-element elementor-element-945b8d1 elementor-widget elementor-widget-image\" data-id=\"945b8d1\" data-element_type=\"widget\" data-e-type=\"widget\" data-widget_type=\"image.default\">\n\t\t\t\t<div class=\"elementor-widget-container\">\n\t\t\t\t\t\t\t\t\t\t\t\t\t\t\t<img fetchpriority=\"high\" decoding=\"async\" width=\"684\" height=\"1024\" src=\"https:\/\/clinicasdeozono.com\/wp-content\/uploads\/2024\/06\/IMG_7344-684x1024.jpeg\" class=\"attachment-large size-large wp-image-622\" alt=\"\" srcset=\"https:\/\/clinicasdeozono.com\/wp-content\/uploads\/2024\/06\/IMG_7344-684x1024.jpeg 684w, https:\/\/clinicasdeozono.com\/wp-content\/uploads\/2024\/06\/IMG_7344-scaled-600x898.jpeg 600w, https:\/\/clinicasdeozono.com\/wp-content\/uploads\/2024\/06\/IMG_7344-200x300.jpeg 200w, https:\/\/clinicasdeozono.com\/wp-content\/uploads\/2024\/06\/IMG_7344-768x1149.jpeg 768w, https:\/\/clinicasdeozono.com\/wp-content\/uploads\/2024\/06\/IMG_7344-1026x1536.jpeg 1026w, https:\/\/clinicasdeozono.com\/wp-content\/uploads\/2024\/06\/IMG_7344-1368x2048.jpeg 1368w, https:\/\/clinicasdeozono.com\/wp-content\/uploads\/2024\/06\/IMG_7344-scaled.jpeg 1711w\" sizes=\"(max-width: 684px) 100vw, 684px\" \/>\t\t\t\t\t\t\t\t\t\t\t\t\t\t\t<\/div>\n\t\t\t\t<\/div>\n\t\t\t\t\t<\/div>\n\t\t<\/div>\n\t\t\t\t\t<\/div>\n\t\t<\/section>\n\t\t\t\t<\/div>\n\t\t","protected":false},"excerpt":{"rendered":"<p>Columna\/hernia discal El tratamiento consiste en: Ozonoterapia en la espalda ozonoterapia sist\u00e9mica\u00a0 rehabilitaci\u00f3n consulta nutricional masajes terap\u00e9uticos. El primer paso para nuestro tratamiento es acudir a una cita de valoraci\u00f3n.\u00a0 En dicha valoraci\u00f3n se realiza el DIAGN\u00d3STICO del paciente, si tienes estudios recientes (Resonancia Magn\u00e9tica) es importante llevarla. Una vez [&hellip;]<\/p>\n","protected":false},"author":1,"featured_media":0,"parent":0,"menu_order":0,"comment_status":"closed","ping_status":"closed","template":"page-templates\/template-pagebuilder-full-width.php","meta":{"om_disable_all_campaigns":false,"_monsterinsights_skip_tracking":false,"_monsterinsights_sitenote_active":false,"_monsterinsights_sitenote_note":"","_monsterinsights_sitenote_category":0,"footnotes":""},"class_list":["post-1239","page","type-page","status-publish","hentry"],"aioseo_notices":[],"_links":{"self":[{"href":"https:\/\/clinicasdeozono.com\/index.php?rest_route=\/wp\/v2\/pages\/1239","targetHints":{"allow":["GET"]}}],"collection":[{"href":"https:\/\/clinicasdeozono.com\/index.php?rest_route=\/wp\/v2\/pages"}],"about":[{"href":"https:\/\/clinicasdeozono.com\/index.php?rest_route=\/wp\/v2\/types\/page"}],"author":[{"embeddable":true,"href":"https:\/\/clinicasdeozono.com\/index.php?rest_route=\/wp\/v2\/users\/1"}],"replies":[{"embeddable":true,"href":"https:\/\/clinicasdeozono.com\/index.php?rest_route=%2Fwp%2Fv2%2Fcomments&post=1239"}],"version-history":[{"count":9,"href":"https:\/\/clinicasdeozono.com\/index.php?rest_route=\/wp\/v2\/pages\/1239\/revisions"}],"predecessor-version":[{"id":1289,"href":"https:\/\/clinicasdeozono.com\/index.php?rest_route=\/wp\/v2\/pages\/1239\/revisions\/1289"}],"wp:attachment":[{"href":"https:\/\/clinicasdeozono.com\/index.php?rest_route=%2Fwp%2Fv2%2Fmedia&parent=1239"}],"curies":[{"name":"wp","href":"https:\/\/api.w.org\/{rel}","templated":true}]}}